)?
-4
Calculate (-12 - -6 - -10) + 3 + -6 + 2.
3
What is the value of -15 + 43 + 44 - 35?
37
What is -7 + 17 + -18 + 12?
4
(17 - 12) + -6 + 3 + 4 + -4
2
-14 + 14 + -5 - -16
11
What is 2 - 8 - (-68 + 72)?
-10
What is the value of 2 + 6 + -11 + -3?
-6
What is -3 + 1 + (-4 - -3) - -12?
9
Calculate -21 + 33 + (-4 - 5).
3
What is 9 + 0 - (11 + -19 + 4)?
13
Calculate -1 + 10 - (-105 - -105).
9
Calculate (8 - 12) + -12 + (-5 - -4).
-17
-855 + 886 - (-1 - -38)
-6
-5 - (11 - (10 + 15 + -4))
5
What is the value of -39 - (-62 - -23) - (-2 - -4)?
-2
Calculate (55 - (0 + 31)) + -14.
10
25 - (14 - (-18 + 21))
14
What is the value of 2 - (0 - -11) - (-906 - -918)?
-21
(3 - 17) + 3 + 4 + -12 + 9
-10
What is the value of -1 + -25 + 7 - (2 - 1 - 6)?
-14
What is (3 - 1 - 15) + -11 + (14 - 8)?
-18
20 + -1 + (-19 - -7 - 7) + 10
10
What is (-8 + 12 - -1) + -1 + (1 - 2)?
3
Calculate (-5 - -10 - 6) + -4 - (12 + -2).
-15
What is the value of 4 + (-6 + 9 - (-3 - -13))?
-3
What is (-11 - (1 + -6)) + -2 - (-21 + -7)?
20
Evaluate 99 + -33 - 33 - -2.
35
Calculate 1 + -3 + 0 - (-463 - -472).
-11
What is -6 - (-1 + 2 - (82 - 84))?
-9
What is the value of -6 + 0 - (46 + -48 - 2)?
-2
What is the value of -9 + (8 - (3 - 1)) - -5?
2
Evaluate 7 + (50 + -20 - 36).
1
2 - (22 + 5) - -20
-5
2 + -1 - ((-3 - -14) + -20)
10
What is -1 + (-2 - (-40 - -43 - (8 - -1)))?
3
Evaluate (0 - 1) + (-125 - -127).
1
What is -9 + (3 + 3 + 4 - -1) - -18?
20
Evaluate -3 + -12 + -4 + 2 + -113 + 124.
-6
What is 5 - (7 - (-8 - -14) - 12)?
16
What is -1 - (0 + (-1 - 1)) - (-73 + 79)?
-5
Calculate -5 - (12 - 44) - 18.
9
What is the value of (91 - 116) + 10 + 1?
-14
Calculate 0 + -10 - (-14 + 27).
-23
What is the value of -3 - (-3 + -8) - (-5 + -8 + 15)?
6
-9 - (-28 + 43 - 6)
-18
Evaluate -2 - (0 + 14) - -15.
-1
Evaluate (2 - -7) + 5 + 6 + -6.
14
Calculate 0 - ((10 + -5 - 16) + 10 - -15).
-14
Evaluate (-7 - (-9 + 9 + -7)) + -8.
-8
What is the value of (-1 - 9) + -19 + 13 + -3 - -5?
-14
-7 + (-25 - -14) - -10
-8
What is -26 + (22 - 32) + (-3 - -6) + -1?
-34
What is the value of -4 + -3 + 5 + 9 + 3 + -9?
1
What is the value of (9 - (10 - (6 + 11))) + -2?
14
Evaluate -18 + 27 + 12 + -9.
12
Calculate 10 + 5 + -5 - (10 + -1).
1
(-19 - -20) + 3 + (-1 - -1) + 3
7
Calculate 5 - ((-31 - -44) + (-3 - 2)).
-3
Calculate (-20 + -52 - -77) + (-1 - -26).
30
Evaluate (18 - 13) + 2 + 4 + -8 + -11.
-8
23 + (5 - -2 - 31)
-1
What is 18 + (45 + -36 - 10)?
17
Calculate -15 + (-20 - -14) + -4 + (2 - -10).
-13
(-9 - -35) + -19 + -16
-9
What is 10 + (-1 - 35) + -4 + (8 - -3)?
-19
-4 - 4 - (50 + (-10 - 27))
-21
Evaluate 2 + 11 + (3 - -1 - (6 + 5)).
6
Evaluate -23 - (-1 + -9) - -4.
-9
Evaluate (41 - 56) + (1 - 2).
-16
What is -1 + 37 + 0 + -27 + 9?
18
Evaluate (-6 - (-13 + 11)) + -12.
-16
What is 84 - 81 - (-8 - 1)?
12
(31 + 0 + -12 - 5) + -5
9
Calculate -1 + 3 - (-87 + 82).
7
What is the value of -4 - (-3 + 9 + 5 + (5 - 5))?
-15
Calculate 14 - (-5 - (1 - 9) - (-4 - -2)).
9
Evaluate 0 - 21 - (-26 - (27 + -46)).
-14
17 + 26 - 25 - (-1 + 2)
17
Evaluate 3 + (14 + -16 - 12) - -36.
25
Calculate 1 + 2 - (19 - (52 + -33)).
3
-11 - (-5 + 6) - -7
-5
-7 - -6 - (5 + 1)
-7
What is 39 + (-31 - 18 - -21)?
11
What is 21 + (11 - 19) + 0 + 6?
19
Evaluate 8 + -12 + 0 - (-4 - 4).
4
(-23 - (15 + -23)) + 4
-11
What is (61 - 132) + 92 + -4 + 0?
17
Evaluate (15 + (1 - 8) - -4) + -6 - -4.
10
Evaluate (3 - (2 + 4 + -14)) + -7 + -24.
-20
What is 2 + 8 - ((-21 - -14) + 15)?
2
Evaluate -2 + 9 - 24 - 3.
-20
What is the value of -11 + (6 - (-36 - -18))?
13
Calculate (15 - 7) + (-27 + -11 + 17 - -9).
-4
What is the value of 56 - (26 - 0) - 48?
-18
What is the value of -3 + 1 + (-6 - -36) + -14?
14
(-8 + 6 + 17 - 24) + 17
8
Evaluate 0 + 0 + -5 + -12.
-17
What is 18 - (-7 - (-5 - 1) - 1 - 0)?
20
25 - 0 - (-39 - (-33 - 12))
19
What is the value of 3 + (12 - 3) + (26 - 5) + -7?
26
(11 - (-49 + 15)) + -12
33
Evaluate -17 - (2 - 13) - -2 - -11.
7
(6 - 25 - -14) + 5
0
What is the value of 22 + (-12 - (1 - 9))?
18
Evaluate (121 - 135) + (46 - 3).
29
6 + 9 + (-1 - (1 - 6) - 14)
5
What is the value of -15 - ((-3 - -10) + -3)?
-19
-101 - -81 - (-1 + -14 - -1)
-6
What is (2 - (0 + 2)) + 10 - (93 + -54)?
-29
What is (3 - (5 - -2)) + 9 - (4 - -4)?
-3
What is the value of 0 + -10 + 264 + -266?
-12
-4 + -7 + 25 + 8
22
-3 + 0 - (20 - 39 - -20)
-4
Calculate -16 + (23 - 1) - 10.
-4
What is -39 - -52 - 16 - (-1 + 1 - 7)?
4
What is the value of 0 + -1 - (-6 + (5 - -6))?
-6
Evaluate (2 - (-1 + -14 - -19)) + -7.
-9
What is the value of 9 + -20 - ((-4 - 0) + 7)?
-14
Calculate -18 - (7 + -28 + 1).
2
Evaluate (-3 - (11 - 13)) + -7 - (-1 + 4).
-11
1 - -2 - (-9 + 1 - (29 + -30))
10
Evaluate 8 + (5 - ((7 - 0 - -3) + -4)).
7
(-6 - -40) + -71 - -29
-8
Evaluate -6 + 0 + 7 - 3 - -11.
9
What is the value of 343 - 339 - (0 - 7)?
11
Evaluate 86 + -63 + -14 + 6.
15
Evaluate -10 + 11 + 0 + (7 - -2) + -1.
9
What is the value of 6 - (26 - 3) - -8?
-9
Evaluate 200 - 195 - (2 - -3 - 4 - 0).
4
Calculate (2 + 1 - (105 - 108)) + 7.
13
What is the value of 18 + (-3 + -12 - 5)?
-2
-1 + (-4 - 1 - -3) + 8
5
-11 + -6 + -5 - -10 - -13
1
What is the value of -41 + (13 - -43) - 39?
-24
What is the value of -3 + -2 - (230 + -226) - 20?
-29
Evaluate (6 - (3 - -1 - (6 + -9))) + -6.
-7
What is -34 + 30 + ((9 - -1) + 0 - 6)?
0
What is (-5 + 7 + (-5 - -11) - 2) + -10?
-4
Calculate (-6 + -14 - 9) + 35.
6
Evaluate (-12 + -12 - -17) + 0 + 1 + 3.
-3
Calculate (2 - -2) + (-7 - (-8 - -7)).
-2
Calculate -4 - (-15 + 1) - (0 + 23).
-13
What is (6 - 12 - -4) + (7 - 14) + 2?
-7
6 + -19 - (4 - 4 - (-26 + 22))
-17
-29 - ((-16 - 24) + -11)
22
What is 33 - 17 - -8 - 14?
10
Evaluate (3 - 6) + (-36 - -44).
5
-12 - (5 + 3 + 0 + -9)
-11
(-7 - -8) + 5 - (5 - -15)
-14
What is 33 - (22 + -30 + 47)?
-6
Calculate 3 - 24 - (-135 + 89).
25
What is the value of 5 + (6 - 13 - (-2 - 4))?
4
Evaluate 5 - (-3 + -6 + (-5 - -10)).
9
(6 - 0) + -5 + -3 + (-3 - 6)
-11
(-18 - 2) + (-6 - 0 - -13)
-13
Evaluate -519 + 501 - (-20 + -1).
3
Evaluate -6 + (-11 - -16) + 2 + 0 + -3.
-2
Evaluate 3 - ((-12 - -19) + (0 - (1 + 1))).
-2
What is 10 + -8 + (-2 + 4 - -2) + 2?
8
-8 + 2 - (397 + -415)
12
What is the value of (17 - 15) + -5 + 0 + 1?
-2
13 + 6 + 4 + -5 + -11
7
Calculate 110 + -111 - (7 - (-1 + 0)).
-9
What is (8 - 5) + (1 - (13 - (-4 + 5)))?
-8
What is the value of 0 - (2 + -24 + 10 - (7 + -2))?
17
What is -20 - ((36 - 35) + -12)?
-9
What is the value of -7 - (-7 + (-4 - ((0 - 5) + -8)))?
-9
Evaluate 16 + (-6 - -3 - (-11 - -15)).
9
What is 10 + (5 - (18 - 9))?
6
Evaluate (14 - (23 + -11)) + 6 - 17.
-9
(-6 - 1) + 6 + -13 + (-2 - 8)
-24
1 + 11 - (-4 + -6 + 18 - 1)
5
What is (0 - (0 + -2 - (0 - -2))) + 4?
8
Evaluate 4 + -2 + (-1 - (-5 - -3) - -10).
13
What is -7 + 3 + 0 + -5 + 2?
-7
What is the value of -30 + 23 - (0 - 3) - (-1 + -19)?
16
-26 + -4 + 6 + 11 + -3
-16
What is (-5 + 0 - -3) + (-6 - -15) - -14?
21
Evaluate -11 + (7 - (5 - 11)) + -17.
-15
What is 5 + (-12 - 2) - (-1 + -29)?
21
Evaluate 17 + 0 + (-10 - -8).
15
Evaluate -3 + 3 + -1 + -7 + 2.
-6
What is the value of (1 + -1 - (21 + -16 - -2)) + -5?
-12
Evaluate (-1 + -3 - (46 + -43)) + (0 - -29).
22
What is the value of -16 - (12 + -15 + 0)?
-13
What is 1 + (1 - (-17 - -18) - (6 - -1))?
-6
What is -3 + (69 - 52) + -4 + 0 - -2?
12
Calculate (-13 - 0) + -2 + -19 + 33.
-1
Calculate 3 + 11 + -9 + -4.
1
((-5 - -5) + 6 - 4) + 6 + -1
7
What is -24 - (-9 - (-3 + -16 + 29))?
-5
Calculate (4 + -1 - -5) + -9 + 1.
0
Evaluate 1 + -7 + 2 + -3 + 0 - -13.
6
-7 - (-1 + -3) - 3 - (-1 + -1)
-4
6 + -14 + 2 + (34 - 14)
14
Evaluate (-9 - (-7 + -1)) + (5 - (-4 + 7)).
1
-5 + (-13 - -15) + 18
15
What is -26 - -12 - -14 - (3 - (0 - 3))?
-6
Calculate -10 + 30 + (-1 - -2) + -5.
16
What is the value of (-6 + (8 - 6) - -9) + 1?
6
What is the value of 0 + -11 + 5 + 12 + -2?
4
Evaluate -26 - -5 - (-6 + -14 + 15).
-16
What is the value of -14 - (-21 - -12) - 4?
-9
What is -21 + -2 + 7 - 15 - -16?
-15
Calculate (-2 + -6 - -6) + 4 + -7 - -3.
-2
What is the value of (18 - (28 + -13 + -4)) + 7?
14
What is the value of 0 + 25 - (7 + (-33 - -31))?
20
What is (235 - 234) + (1 - 4)?
-2
What is (3 - (2 + 7)) + 7 + (1 - -9)?
11
What is the value of (-11713 - -11754) + (2 - 1 - 9)?
33
What is -8 + 15 + (-21 - -22) + (2 - -1)?
11
What is (-4 - 2 -